2 - -321?
359833
In base 2, what is 11100101101111100011001 - -1?
11100101101111100011010
In base 3, what is -1001212100022112 + -100?
-1001212100022212
In base 16, what is -5ec4d2 - -4?
-5ec4ce
In base 9, what is 5418 - -228?
5647
In base 16, what is -78f6 - -93f5?
1aff
In base 14, what is 10641da - -4?
1064200
In base 12, what is -4960088 + -3?
-496008b
In base 12, what is -62 - -21a4a1?
21a43b
In base 3, what is 10010212110100 - -2111?
10010212112211
In base 3, what is 11120200 + 1012212?
12210112
In base 6, what is 5 - 3540012403?
-3540012354
In base 5, what is 40040244 + 320?
40041114
In base 15, what is -4d85735 + 2?
-4d85733
In base 14, what is 2 + 2a13a13?
2a13a15
In base 14, what is 79d941 + -1?
79d940
In base 7, what is -136103455 - 13?
-136103501
In base 9, what is 15 - -368561?
368576
In base 7, what is -210262 + -22551?
-233143
In base 2, what is 0 + 1010110100000111000110?
1010110100000111000110
In base 4, what is 3 - 1122002201001?
-1122002200332
In base 7, what is -101551402 - 0?
-101551402
In base 10, what is -841022 - -576?
-840446
In base 16, what is bebd - -1?
bebe
In base 2, what is 11110010 - 1001000000110?
-1000100010100
In base 11, what is -945398 + -129?
-945516
In base 14, what is 0 + -171976?
-171976
In base 14, what is -150d1 - 7a9?
-1589a
In base 7, what is -2414 + -324316?
-330033
In base 2, what is 10010011100011 - 1111101010101?
10110001110
In base 12, what is 53b37523 - 5?
53b3751a
In base 6, what is 10134 - -3003311?
3013445
In base 8, what is 33004 + 5534?
40540
In base 12, what is -3b4a6 - -10b0?
-3a3b6
In base 8, what is -567515 - 744?
-570461
In base 14, what is -7 - -26b5?
26ac
In base 14, what is 48c80c - -2d?
48c83b
In base 2, what is -110101 - -110000100100011?
110000011101110
In base 8, what is -16 + -22654510?
-22654526
In base 12, what is -bb9b079 - -1?
-bb9b078
In base 15, what is 23b0 + -983?
192c
In base 9, what is -30470 - -5?
-30464
In base 5, what is -3023 + -132120024?
-132123102
In base 7, what is -114 - -65603026?
65602612
In base 12, what is 10 + -6498364?
-6498354
In base 11, what is 2382 - -8392?
a764
In base 12, what is b91870 + 3?
b91873
In base 12, what is -192033a14 - -5?
-192033a0b
In base 8, what is -5 + 62050003?
62047776
In base 2, what is 111111001001000 + -10101?
111111000110011
In base 8, what is -4715 + 26722?
22005
In base 10, what is 550 - -245683?
246233
In base 13, what is -15a - 139102?
-13925c
In base 8, what is -366405 - -21776?
-344407
In base 14, what is -3 + 8751d94?
8751d91
In base 4, what is -32333 - 210211301?
-210310300
In base 10, what is -20724 - -440?
-20284
In base 2, what is -11001110000 - -10011000100111010101?
10011000001101100101
In base 3, what is -1122121022201 - -22?
-1122121022102
In base 9, what is -41 + 3424841?
3424800
In base 12, what is -1789 + 38364?
36797
In base 8, what is -21 + 515407?
515366
In base 5, what is -2 + -13433114221?
-13433114223
In base 16, what is 28 - 297187?
-29715f
In base 13, what is -3 + 33c3790?
33c378a
In base 9, what is 336112 + -1071?
335031
In base 14, what is -2a3460 + -30?
-2a3490
In base 2, what is -111111111010011111001100 - -111?
-111111111010011111000101
In base 9, what is -5 + 7418086?
7418081
In base 4, what is 1133 - 122132021121?
-122132013322
In base 2, what is -111100111001 - -100000000101?
-11100110100
In base 8, what is 3537624 + 1?
3537625
In base 11, what is 1444 - -899a1?
90335
In base 15, what is a4b60e1 + 4?
a4b60e5
In base 8, what is -1 - 552513710?
-552513711
In base 12, what is 157433 - -4?
157437
In base 12, what is -16191 + 471?
-15920
In base 4, what is 232 + -20301003?
-20300111
In base 14, what is -853a295 + 5?
-853a290
In base 4, what is -11 + -12310313121211?
-12310313121222
In base 7, what is -355 - 245324?
-246012
In base 13, what is -3 - 15ca8c74?
-15ca8c77
In base 10, what is -54477 - -232?
-54245
In base 5, what is 114241 - -120311?
240102
In base 11, what is 3895 + -171a?
2176
In base 13, what is 6 + aa7687?
aa7690
In base 5, what is -21 + -3441433?
-3442004
In base 10, what is 3342439 - 8?
3342431
In base 8, what is -302221200 + -4?
-302221204
In base 16, what is -27b62f - -f?
-27b620
In base 14, what is 1007d4 - 62?
100772
In base 6, what is -222055101 - -1?
-222055100
In base 13, what is -1174 - -c5b4?
b440
In base 4, what is 3322231 + 2311?
3331202
In base 12, what is -67 + 95b600?
95b555
In base 9, what is 58844833 - 4?
58844828
In base 13, what is -4a6a411 - 1?
-4a6a412
In base 12, what is -58 - -36149a?
361442
In base 3, what is 1 - -10111020110111210?
10111020110111211
In base 10, what is 33348087 - 6?
33348081
In base 16, what is -5609085 + -6?
-560908b
In base 13, what is -28 + -2236b5?
-223710
In base 4, what is 30 + -10213311331?
-10213311301
In base 5, what is -141033022 + 14?
-141033003
In base 15, what is 3 - -a8bbedc?
a8bbee0
In base 14, what is -b634 + 1821?
-9c13
In base 11, what is 9432174 + 1?
9432175
In base 13, what is 97a632 + -96?
97a569
In base 6, what is -1 - 45135214?
-45135215
In base 8, what is -132041 + 53?
-131766
In base 2, what is 10000011100 - 100111110111?
-10111011011
In base 2, what is -100011100110110 - -100111000101?
-11110101110001
In base 10, what is -5 - 7635536?
-7635541
In base 11, what is -2a60 - 16134?
-19094
In base 2, what is -10 + -100100101110010110101001101?
-100100101110010110101001111
In base 11, what is 522 + -37561?
-3703a
In base 6, what is 3204055441 + 4?
3204055445
In base 10, what is 0 - -2062920?
2062920
In base 11, what is 3754a - 58?
374a2
In base 12, what is -89ba5 + -11?
-89bb6
In base 11, what is -a11 - -243690?
24277a
In base 2, what is -100001111011 + -101000010111?
-1001010010010
In base 9, what is 22 + 1725738?
1725761
In base 2, what is -101 - -10011110001111110111000011?
10011110001111110110111110
In base 5, what is -14 - 10134434210?
-10134434224
In base 6, what is 542114120 + -5?
542114111
In base 3, what is -12110012122111 - 22?
-12110012122210
In base 2, what is 110001010 - -1000110011101?
1001100100111
In base 2, what is 110110000001 + -10100111111?
100001000010
In base 5, what is 41124404 + -411?
41123443
In base 11, what is 3a57a266 - 2?
3a57a264
In base 3, what is -11011 - 121000102221?
-121000121002
In base 5, what is -34322 + 12014?
-22303
In base 4, what is -112 + 11321?
11203
In base 16, what is 83ad81 + 4?
83ad85
In base 13, what is -11 - -1377b0?
13779c
In base 15, what is -3a29b + -c?
-3a2a8
In base 15, what is -83a36 + 2b?
-83a0a
In base 10, what is 58 - -17316?
17374
In base 13, what is 2caa - -3224?
6201
In base 6, what is -220150 - 113421?
-334011
In base 8, what is 1 - 56213276?
-56213275
In base 11, what is 126 - -613589?
613704
In base 16, what is -923 - 8ea?
-120d
In base 11, what is -15074a3724 - 5?
-15074a3729
In base 12, what is -287824 + -20?
-287844
In base 16, what is -1ce17 + -17d?
-1cf94
In base 12, what is 109 + -21184?
-21077
In base 15, what is 523a1 - d?
52393
In base 14, what is -17c46a1 - 7d?
-17c4740
In base 7, what is -125145642 + 22?
-125145620
In base 8, what is -4761125 - -100?
-4761025
In base 12, what is 531b2 + -97?
53117
In base 10, what is -277 - 1566213?
-1566490
In base 5, what is 2 + -3143300444?
-3143300442
In base 6, what is -33 + -42204455?
-42204532
In base 5, what is 41440 + -34011?
2424
In base 7, what is 2 - -10413166?
10413201
In base 12, what is -768147 - -14?
-768133
In base 12, what is 7a25 + -351?
7694
In base 4, what is -1201012012 - 1302?
-1201013320
In base 7, what is -31635534 + 5?
-31635526
In base 11, what is -3 - 518a7a?
-518a82
In base 13, what is 324279 - 17a?
3240cc
In base 15, what is -38 + 154c73?
154c3a
In base 15, what is 11 - -592c0b?
592c1c
In base 2, what is -10001000110010101011101110 + -100?
-10001000110010101011110010
In base 16, what is -1320 - 12?
-1332
In base 9, what is -67721062 + 5?
-67721056
In base 4, what is 232111 + 30333120?
31231231
In base 12, what is -2b87 - -2277?
-910
In base 2, what is 1000001110110000110 - -1101001?
1000001110111101111
In base 6, what is 145554 + 24531?
214525
In base 14, what is -90667 - 6?
-9066d
In base 10, what is 10386330 + -5?
10386325
In base 16, what is -2035ef - -16?
-2035d9
In base 8, what is -116 + 213455?
213337
In base 10, what is 141050329 + 0?
141050329
In base 3, what is 10002 